{"id":1174,"date":"2025-05-25T21:59:41","date_gmt":"2025-05-25T19:59:41","guid":{"rendered":"https:\/\/www.club-canin-erstein.fr\/?page_id=1174"},"modified":"2025-05-25T22:58:14","modified_gmt":"2025-05-25T20:58:14","slug":"cacit-2025","status":"publish","type":"page","link":"https:\/\/www.club-canin-erstein.fr\/index.php\/cacit-2025\/","title":{"rendered":"Cacit 2025"},"content":{"rendered":"<div class=\"wp-block-image\">\n<figure class=\"aligncenter size-full\"><img loading=\"lazy\" decoding=\"async\" width=\"1496\" height=\"2048\" src=\"https:\/\/www.club-canin-erstein.fr\/wp-content\/uploads\/2025\/05\/Affiche-cacit-2025.jpg\" alt=\"\" class=\"wp-image-1186\" srcset=\"https:\/\/www.club-canin-erstein.fr\/wp-content\/uploads\/2025\/05\/Affiche-cacit-2025.jpg 1496w, https:\/\/www.club-canin-erstein.fr\/wp-content\/uploads\/2025\/05\/Affiche-cacit-2025-219x300.jpg 219w, https:\/\/www.club-canin-erstein.fr\/wp-content\/uploads\/2025\/05\/Affiche-cacit-2025-748x1024.jpg 748w, https:\/\/www.club-canin-erstein.fr\/wp-content\/uploads\/2025\/05\/Affiche-cacit-2025-768x1051.jpg 768w, https:\/\/www.club-canin-erstein.fr\/wp-content\/uploads\/2025\/05\/Affiche-cacit-2025-1122x1536.jpg 1122w\" sizes=\"auto, (max-width: 1496px) 100vw, 1496px\" \/><\/figure>\n<\/div>\n\n\n<hr class=\"wp-block-separator has-alpha-channel-opacity\"\/>\n\n\n\n<div class=\"wp-block-media-text is-stacked-on-mobile\" style=\"grid-template-columns:28% auto\"><figure class=\"wp-block-media-text__media\"><img loading=\"lazy\" decoding=\"async\" width=\"275\" height=\"183\" src=\"https:\/\/www.club-canin-erstein.fr\/wp-content\/uploads\/2022\/06\/France.jpg\" alt=\"\" class=\"wp-image-327 size-full\"\/><\/figure><div class=\"wp-block-media-text__content\">\n<p class=\"has-text-align-left\" style=\"font-size:16px\">Chers amis cynophiles, nous organisons cette ann\u00e9e encore notre concours IGP avec attribution d&rsquo;un CACIT et pour la premi\u00e8re fois un concours IBGH les 25,26 et 27 juillet 2025 \u00e0 Erstein. De nombreux comp\u00e9titeurs de nations diff\u00e9rentes sont d\u00e9j\u00e0 annonc\u00e9s. La semaine pr\u00e9c\u00e9dant le concours, le terrain sera ouvert \u00e0 l\u2019entrainement. Le TCC Erstein se r\u00e9serve le droit de refuser des concurrents si le plein des concurrents est fait ou si des inscriptions ne seront pas compl\u00e8tes. N\u2019oubliez pas, pour les concurrents fran\u00e7ais, que le CACIT pourra valider votre mention en cas d\u2019\u00e9chec \u00e0 votre r\u00e9gional.<\/p>\n\n\n\n<p><strong>MERCI DE PARTAGER UN MAXIMUM<\/strong><\/p>\n\n\n\n<p><a href=\"https:\/\/www.club-canin-erstein.fr\/wp-content\/uploads\/2025\/05\/Informations-et-engagements-CACIT-2025-FR.pdf\" data-type=\"link\" data-id=\"https:\/\/www.club-canin-erstein.fr\/wp-content\/uploads\/2025\/05\/Informations-et-engagements-CACIT-2025-FR.pdf\">Informations et engagements CACIT 2025<\/a><\/p>\n<\/div><\/div>\n\n\n\n<hr class=\"wp-block-separator has-alpha-channel-opacity\"\/>\n\n\n\n<div class=\"wp-block-media-text is-stacked-on-mobile\" style=\"grid-template-columns:29% auto\"><figure class=\"wp-block-media-text__media\"><img loading=\"lazy\" decoding=\"async\" width=\"279\" height=\"181\" src=\"https:\/\/www.club-canin-erstein.fr\/wp-content\/uploads\/2022\/06\/Allemagne.jpg\" alt=\"\" class=\"wp-image-335 size-full\"\/><\/figure><div class=\"wp-block-media-text__content\">\n<p style=\"font-size:16px\">Liebe Hundesportler, wir organisieren dieses Jahr wieder unser IGP-Turnier mit einer internationalen Zuweisung (CACIT) und auch eine IBGH Pr\u00fcfung am 25,26 und 27 Juli 2025 in Erstein (Elsass). Wir laden sie ein zu uns zu kommen und mit unseren Freunden aus verschiedenen L\u00e4ndern mitzumachen. Wir hoffen dieses Jahr wieder auf eine sch\u00f6ne Beteiligung. Die ganze Woche vorher ist der Platz offen zum Training, zum Austausch oder ganz einfach zu der pers\u00f6nlichen Vorbereitung zur Pr\u00fcfung. Wir haben auch Platz f\u00fcr Wohnmobile oder Zelter.<br>Der Hunde Verein von Erstein behalt sich das Recht Pr\u00fcfungsteilnehmer abzulehnen, wenn die Pr\u00fcfung ausgebucht ist oder das Anmeldeformular oder Bezahlung nicht vollst\u00e4ndig w\u00e4re.<\/p>\n\n\n\n<p><strong>BITTE SO VIEL WIE MOEGLICH TEILEN<\/strong><\/p>\n\n\n\n<p><a href=\"https:\/\/www.club-canin-erstein.fr\/wp-content\/uploads\/2025\/05\/Informationnen-und-Anmeldung-CACIT-2025-DE.pdf\" data-type=\"link\" data-id=\"https:\/\/www.club-canin-erstein.fr\/wp-content\/uploads\/2025\/05\/Informationnen-und-Anmeldung-CACIT-2025-DE.pdf\">Informationnen und Anmeldung CACIT 2025<\/a><\/p>\n<\/div><\/div>\n\n\n\n<hr class=\"wp-block-separator has-alpha-channel-opacity\"\/>\n\n\n\n<div class=\"wp-block-media-text is-stacked-on-mobile\" style=\"grid-template-columns:29% auto\"><figure class=\"wp-block-media-text__media\"><img loading=\"lazy\" decoding=\"async\" width=\"225\" height=\"135\" src=\"https:\/\/www.club-canin-erstein.fr\/wp-content\/uploads\/2022\/06\/Angleterre.png\" alt=\"\" class=\"wp-image-325 size-full\"\/><\/figure><div class=\"wp-block-media-text__content\">\n<p style=\"font-size:16px\">Dear sport dogs\u2019 friends,<br>we organize again this year our IGP competition with the attribution of a CACIT from the FCI and also a IBGH competition. This competition will be stay on the 25,26 and 27 July 2025 in Erstein (France) on our Club Sport field. We invite you to participate on this competition. You will find the possibility to exchange with other Nationality. Dog handler from Switzerland, Germany, Belgian, Luxembourg, Tch\u00e8que and also France should participate on this tournament. Participants can train the whole week before on the field. It&rsquo;s really an opportunity to exchange trainings methods and also meet other people from other countries. Take this chance and do Holidays in our beautiful Alsace. The Erstein Dog Club reserves the right to refuse participants if the competition is fully booked or the registration form or payment is incomplete.<\/p>\n\n\n\n<p><strong>THANKS TO SHARE A MAXIMUM TO DOG HANDLERS<\/strong><\/p>\n\n\n\n<p><a href=\"https:\/\/www.club-canin-erstein.fr\/wp-content\/uploads\/2025\/05\/Informations-and-registration-form-for-CACIT-2025-ENG.pdf\" data-type=\"link\" data-id=\"https:\/\/www.club-canin-erstein.fr\/wp-content\/uploads\/2025\/05\/Informations-and-registration-form-for-CACIT-2025-ENG.pdf\">Informations and registration form for CACIT 2025<\/a><\/p>\n<\/div><\/div>\n\n\n\n<p><\/p>\n","protected":false},"excerpt":{"rendered":"<p>Chers amis cynophiles, nous organisons cette ann\u00e9e encore notre concours IGP avec attribution d&rsquo;un CACIT et pour la premi\u00e8re fois&hellip;<\/p>\n","protected":false},"author":1,"featured_media":0,"parent":0,"menu_order":0,"comment_status":"closed","ping_status":"closed","template":"","meta":{"footnotes":""},"class_list":["post-1174","page","type-page","status-publish","hentry"],"_links":{"self":[{"href":"https:\/\/www.club-canin-erstein.fr\/index.php\/wp-json\/wp\/v2\/pages\/1174","targetHints":{"allow":["GET"]}}],"collection":[{"href":"https:\/\/www.club-canin-erstein.fr\/index.php\/wp-json\/wp\/v2\/pages"}],"about":[{"href":"https:\/\/www.club-canin-erstein.fr\/index.php\/wp-json\/wp\/v2\/types\/page"}],"author":[{"embeddable":true,"href":"https:\/\/www.club-canin-erstein.fr\/index.php\/wp-json\/wp\/v2\/users\/1"}],"replies":[{"embeddable":true,"href":"https:\/\/www.club-canin-erstein.fr\/index.php\/wp-json\/wp\/v2\/comments?post=1174"}],"version-history":[{"count":10,"href":"https:\/\/www.club-canin-erstein.fr\/index.php\/wp-json\/wp\/v2\/pages\/1174\/revisions"}],"predecessor-version":[{"id":1194,"href":"https:\/\/www.club-canin-erstein.fr\/index.php\/wp-json\/wp\/v2\/pages\/1174\/revisions\/1194"}],"wp:attachment":[{"href":"https:\/\/www.club-canin-erstein.fr\/index.php\/wp-json\/wp\/v2\/media?parent=1174"}],"curies":[{"name":"wp","href":"https:\/\/api.w.org\/{rel}","templated":true}]}}