{"id":129,"date":"2021-05-15T10:52:38","date_gmt":"2021-05-15T08:52:38","guid":{"rendered":"http:\/\/www.club-canin-erstein.fr\/?page_id=129"},"modified":"2025-12-05T00:11:38","modified_gmt":"2025-12-04T23:11:38","slug":"le-club","status":"publish","type":"page","link":"https:\/\/www.club-canin-erstein.fr\/index.php\/le-club\/","title":{"rendered":"Le club"},"content":{"rendered":"\n<h1 class=\"wp-block-heading\"><\/h1>\n\n\n\n<p>Les dates marquantes du club :<\/p>\n\n\n\n<ul class=\"wp-block-list\">\n<li><strong>1948 :<\/strong>\u00a0cr\u00e9ation sous la d\u00e9nomination \u00ab\u00a0Club de dressage d\u2019Erstein\u00a0\u00bb, l\u2019activit\u00e9 s\u2019arr\u00eate en 1962 par manque de chiens.<\/li>\n\n\n\n<li><strong>1972 :<\/strong>\u00a0le club rena\u00eet, cette fois-ci sous le nom de \u00ab\u00a0Training Club Canin d\u2019Erstein\u00a0\u00bb et s\u2019approprie un petit terrain mis \u00e0 disposition par M. Roger ZEPP \u00e0 l\u2019emplacement des ateliers communaux actuels d\u2019ERSTEIN.\u00a0<strong>Paul Meyer<\/strong>\u00a0est nomm\u00e9 pr\u00e9sident.<\/li>\n\n\n\n<li><strong>1973 :<\/strong>\u00a0Un terrain d\u2019environ 30 ares est l\u00e9gu\u00e9 au club par la ville, ainsi qu\u2019une baraque en bois d\u2019une vingtaine de m\u00b2.<\/li>\n\n\n\n<li><strong>1974 :<\/strong>\u00a0ce local trop petit est remplac\u00e9 par un autre d\u2019une soixantaine de m\u00b2<\/li>\n\n\n\n<li><strong>1975 :<\/strong>\u00a0<strong>Armand Scheeck<\/strong>\u00a0est nomm\u00e9 pr\u00e9sident.<\/li>\n\n\n\n<li><strong>1976 :<\/strong>\u00a0Le terrain s\u2019agrandit, et passe \u00e0 1,2 hectare.<\/li>\n\n\n\n<li><strong>1978 :<\/strong>\u00a0L\u2019\u00e9clairage est install\u00e9, pour les entra\u00eenements nocturnes.<\/li>\n\n\n\n<li><strong>1985 :<\/strong>\u00a0le club-house est agrandi d\u2019une centaine de m\u00b2 en dur.<\/li>\n\n\n\n<li><strong>1995 :<\/strong>\u00a0Le chalet est remplac\u00e9 par le club house actuel.<\/li>\n\n\n\n<li><strong>1997 :<\/strong>\u00a0<strong>Claude Bronn<\/strong>\u00a0est nomm\u00e9 pr\u00e9sident.<\/li>\n\n\n\n<li><strong>2006 : Jean-Marie Rohmer<\/strong>\u00a0est nomm\u00e9 pr\u00e9sident.<\/li>\n<\/ul>\n\n\n\n<hr class=\"wp-block-separator has-css-opacity\"\/>\n\n\n\n<p class=\"has-text-align-center has-vivid-cyan-blue-color has-light-green-cyan-background-color has-text-color has-background has-large-font-size\"><a href=\"https:\/\/www.club-canin-erstein.fr\/wp-content\/uploads\/2025\/12\/historique-complet.pdf\">L&rsquo;historique complet en t\u00e9l\u00e9chargement.<\/a><\/p>\n\n\n\n<hr class=\"wp-block-separator has-css-opacity\"\/>\n\n\n\n<p><\/p>\n","protected":false},"excerpt":{"rendered":"<p>Les dates marquantes du club : L&rsquo;historique complet en t\u00e9l\u00e9chargement.<\/p>\n","protected":false},"author":1,"featured_media":0,"parent":0,"menu_order":0,"comment_status":"closed","ping_status":"closed","template":"","meta":{"footnotes":""},"class_list":["post-129","page","type-page","status-publish","hentry"],"_links":{"self":[{"href":"https:\/\/www.club-canin-erstein.fr\/index.php\/wp-json\/wp\/v2\/pages\/129","targetHints":{"allow":["GET"]}}],"collection":[{"href":"https:\/\/www.club-canin-erstein.fr\/index.php\/wp-json\/wp\/v2\/pages"}],"about":[{"href":"https:\/\/www.club-canin-erstein.fr\/index.php\/wp-json\/wp\/v2\/types\/page"}],"author":[{"embeddable":true,"href":"https:\/\/www.club-canin-erstein.fr\/index.php\/wp-json\/wp\/v2\/users\/1"}],"replies":[{"embeddable":true,"href":"https:\/\/www.club-canin-erstein.fr\/index.php\/wp-json\/wp\/v2\/comments?post=129"}],"version-history":[{"count":7,"href":"https:\/\/www.club-canin-erstein.fr\/index.php\/wp-json\/wp\/v2\/pages\/129\/revisions"}],"predecessor-version":[{"id":1227,"href":"https:\/\/www.club-canin-erstein.fr\/index.php\/wp-json\/wp\/v2\/pages\/129\/revisions\/1227"}],"wp:attachment":[{"href":"https:\/\/www.club-canin-erstein.fr\/index.php\/wp-json\/wp\/v2\/media?parent=129"}],"curies":[{"name":"wp","href":"https:\/\/api.w.org\/{rel}","templated":true}]}}

<h1 class="wp-block-heading"></h1>



<p>Les dates marquantes du club :</p>



<ul class="wp-block-list">
<li><strong>1948 :</strong> création sous la dénomination « Club de dressage d’Erstein », l’activité s’arrête en 1962 par manque de chiens.</li>



<li><strong>1972 :</strong> le club renaît, cette fois-ci sous le nom de « Training Club Canin d’Erstein » et s’approprie un petit terrain mis à disposition par M. Roger ZEPP à l’emplacement des ateliers communaux actuels d’ERSTEIN. <strong>Paul Meyer</strong> est nommé président.</li>



<li><strong>1973 :</strong> Un terrain d’environ 30 ares est légué au club par la ville, ainsi qu’une baraque en bois d’une vingtaine de m².</li>



<li><strong>1974 :</strong> ce local trop petit est remplacé par un autre d’une soixantaine de m²</li>



<li><strong>1975 :</strong> <strong>Armand Scheeck</strong> est nommé président.</li>



<li><strong>1976 :</strong> Le terrain s’agrandit, et passe à 1,2 hectare.</li>



<li><strong>1978 :</strong> L’éclairage est installé, pour les entraînements nocturnes.</li>



<li><strong>1985 :</strong> le club-house est agrandi d’une centaine de m² en dur.</li>



<li><strong>1995 :</strong> Le chalet est remplacé par le club house actuel.</li>



<li><strong>1997 :</strong> <strong>Claude Bronn</strong> est nommé président.</li>



<li><strong>2006 : Jean-Marie Rohmer</strong> est nommé président.</li>
</ul>



<hr class="wp-block-separator has-css-opacity"/>



<p class="has-text-align-center has-vivid-cyan-blue-color has-light-green-cyan-background-color has-text-color has-background has-large-font-size"><a href="https://www.club-canin-erstein.fr/wp-content/uploads/2025/12/historique-complet.pdf">L&rsquo;historique complet en téléchargement.</a></p>



<hr class="wp-block-separator has-css-opacity"/>



<p></p>

<p>Les dates marquantes du club : L&rsquo;historique complet en téléchargement.</p>
