{"id":63,"date":"2021-05-14T15:29:19","date_gmt":"2021-05-14T13:29:19","guid":{"rendered":"http:\/\/www.club-canin-erstein.fr\/?page_id=63"},"modified":"2025-10-20T20:09:48","modified_gmt":"2025-10-20T18:09:48","slug":"lecole-de-chiots","status":"publish","type":"page","link":"https:\/\/www.club-canin-erstein.fr\/index.php\/lecole-de-chiots\/","title":{"rendered":"L&rsquo;\u00e9cole de chiots"},"content":{"rendered":"\n<p style=\"font-size:15px\">L\u2019\u00e9cole des chiots est une transition&nbsp;<strong>essentielle<\/strong>&nbsp;entre le d\u00e9part du chiot de son lieu et environnement de naissance, et sa nouvelle vie avec son ma\u00eetre.<\/p>\n\n\n\n<p class=\"has-text-align-center has-black-color has-cyan-bluish-gray-background-color has-text-color has-background\"><strong>Quand<\/strong> <strong>?<\/strong><\/p>\n\n\n\n<ul style=\"font-size:15px\" class=\"wp-block-list\">\n<li>Dimanche de 10h \u00e0 11h pour les chiots de 2 \u00e0 6-7 mois.<\/li>\n<\/ul>\n\n\n\n<p class=\"has-text-align-center has-black-color has-cyan-bluish-gray-background-color has-text-color has-background\"><strong>Qui ?<\/strong><\/p>\n\n\n\n<p style=\"font-size:15px\">         Tous les chiots.<br><\/p>\n\n\n\n<p class=\"has-text-align-center has-black-color has-pale-cyan-blue-background-color has-text-color has-background has-medium-font-size\">L&rsquo;objectif<\/p>\n\n\n\n<ul style=\"font-size:15px\" class=\"wp-block-list\">\n<li><em><strong>La sociabilisation :&nbsp;<\/strong><\/em>Le chiot de 2 \u00e0 4 mois \u00e9volue dans un parc avec ses cong\u00e9n\u00e8res. Il d\u00e9veloppe son sens relationnel en jouant avec ses copains, sous le contr\u00f4le de son ma\u00eetre et des moniteurs.<\/li>\n\n\n\n<li><strong><em>L\u2019\u00e9ducation :<\/em><\/strong>&nbsp;Les bases de la m\u00e9thode d\u2019apprentissage (m\u00e9thode naturelle gr\u00e2ce aux renforcements positifs) sont enseign\u00e9es aux ma\u00eetres, et sont mise en pratiques tout au long de la s\u00e9ance.<\/li>\n\n\n\n<li><strong><em>L\u2019int\u00e9gration :<\/em><\/strong>&nbsp;sa place dans la maison, les interdits, la hi\u00e9rarchie, toutes ces notions seront expliqu\u00e9es et d\u00e9velopp\u00e9es pendant le cours.<\/li>\n\n\n\n<li><strong><em>Responsabilisation du ma\u00eetre :<\/em><\/strong>&nbsp;les droits et les devoirs du ma\u00eetre, l\u2019attitude citoyenne et responsable, les soins, le bien-\u00eatre du chiot, des notions pas toujours triviales, auxquelles les moniteurs se feront un plaisir de vous r\u00e9pondre.<\/li>\n<\/ul>\n\n\n\n<p class=\"has-text-align-center has-black-color has-pale-cyan-blue-background-color has-text-color has-background has-medium-font-size\">Les moyens<\/p>\n\n\n\n<ul style=\"font-size:15px\" class=\"wp-block-list\">\n<li><strong><em>Une SUPER \u00e9quipe de super-moniteurs :<\/em><\/strong>&nbsp;qui, de part leur formation, et\/ou leurs exp\u00e9riences, sauront vous transmettre leur savoir et leur motivation afin que l\u2019\u00e9ducation de votre compagnon soit ludique et efficace. (<a href=\"http:\/\/web.archive.org\/web\/20201020054108\/http:\/\/club-canin-erstein.fr\/index.php\/les-moniteurs\/\">Voir ici l\u2019\u00e9quipe des moniteurs de l\u2019\u00e9cole des chiots<\/a>).<\/li>\n\n\n\n<li><strong><em>Une infrastructure :<\/em>&nbsp;<\/strong>permettant l\u2019\u00e9volution sans contrainte des chiots, mat\u00e9rialis\u00e9e par deux enclos de 35m2 chacun, l\u2019un pour la sociabilisation, l\u2019autre contenant diff\u00e9rents agr\u00e8s pour l\u2019\u00e9veil du chiot, ainsi qu\u2019un terrain de 200m2 pour les exercices d\u2019\u00e9ducations en commun.<\/li>\n<\/ul>\n","protected":false},"excerpt":{"rendered":"<p>L\u2019\u00e9cole des chiots est une transition&nbsp;essentielle&nbsp;entre le d\u00e9part du chiot de son lieu et environnement de naissance, et sa nouvelle&hellip;<\/p>\n","protected":false},"author":1,"featured_media":0,"parent":0,"menu_order":0,"comment_status":"closed","ping_status":"closed","template":"","meta":{"footnotes":""},"class_list":["post-63","page","type-page","status-publish","hentry"],"_links":{"self":[{"href":"https:\/\/www.club-canin-erstein.fr\/index.php\/wp-json\/wp\/v2\/pages\/63","targetHints":{"allow":["GET"]}}],"collection":[{"href":"https:\/\/www.club-canin-erstein.fr\/index.php\/wp-json\/wp\/v2\/pages"}],"about":[{"href":"https:\/\/www.club-canin-erstein.fr\/index.php\/wp-json\/wp\/v2\/types\/page"}],"author":[{"embeddable":true,"href":"https:\/\/www.club-canin-erstein.fr\/index.php\/wp-json\/wp\/v2\/users\/1"}],"replies":[{"embeddable":true,"href":"https:\/\/www.club-canin-erstein.fr\/index.php\/wp-json\/wp\/v2\/comments?post=63"}],"version-history":[{"count":17,"href":"https:\/\/www.club-canin-erstein.fr\/index.php\/wp-json\/wp\/v2\/pages\/63\/revisions"}],"predecessor-version":[{"id":1201,"href":"https:\/\/www.club-canin-erstein.fr\/index.php\/wp-json\/wp\/v2\/pages\/63\/revisions\/1201"}],"wp:attachment":[{"href":"https:\/\/www.club-canin-erstein.fr\/index.php\/wp-json\/wp\/v2\/media?parent=63"}],"curies":[{"name":"wp","href":"https:\/\/api.w.org\/{rel}","templated":true}]}}