{"id":640,"date":"2023-09-11T22:36:18","date_gmt":"2023-09-11T20:36:18","guid":{"rendered":"http:\/\/www.club-canin-erstein.fr\/?page_id=640"},"modified":"2023-09-11T22:48:25","modified_gmt":"2023-09-11T20:48:25","slug":"le-dog-dancing","status":"publish","type":"page","link":"https:\/\/www.club-canin-erstein.fr\/index.php\/le-dog-dancing\/","title":{"rendered":"Le Dog Dancing."},"content":{"rendered":"\n<p style=\"font-size:15px\">Appel\u00e9e \u00e9galement ob\u00e9 rythm\u00e9e, cette discipline consiste \u00e0 faire \u00e9voluer son chien sur une chor\u00e9graphie en musique.<\/p>\n\n\n\n<p class=\"has-text-align-center has-cyan-bluish-gray-background-color has-background has-normal-font-size\"><strong>Quand ?<\/strong><\/p>\n\n\n\n<ul class=\"wp-block-list\" style=\"font-size:15px\">\n<li>Samedi 14h \u00e0 16h.<br><\/li>\n<\/ul>\n\n\n\n<p class=\"has-text-align-center has-cyan-bluish-gray-background-color has-background has-normal-font-size\"><strong>Qui ?<\/strong><\/p>\n\n\n\n<p style=\"font-size:15px\">Toute personne pr\u00eate \u00e0 investir beaucoup de temps pour le travail avec son chien.<br><\/p>\n\n\n\n<p class=\"has-text-align-center has-black-color has-pale-cyan-blue-background-color has-text-color has-background has-medium-font-size\">Le r\u00e8glement<\/p>\n\n\n\n<p class=\"has-text-align-center\"><a href=\"http:\/\/activites-canines.com\/dog-dancing\/reglement\/\" data-type=\"link\" data-id=\"http:\/\/activites-canines.com\/dog-dancing\/reglement\/\">Le r\u00e8glement complet ici<\/a><\/p>\n\n\n\n<p class=\"has-text-align-center has-black-color has-pale-cyan-blue-background-color has-text-color has-background has-medium-font-size\">L&rsquo;objectif<\/p>\n\n\n\n<p style=\"font-size:15px\">Il s\u2019agit de faire effectuer au chien des mouvements, dans un style libre et sur fond musical. C&rsquo;est une discipline dynamique et ludique o\u00f9 l\u2019\u00e9quipe ma\u00eetre et chien doivent interagir dans la joie et la complicit\u00e9 (source Wikip\u00e9dia).<\/p>\n\n\n\n<p class=\"has-text-align-center has-black-color has-pale-cyan-blue-background-color has-text-color has-background has-medium-font-size\">Les niveaux<\/p>\n\n\n\n<p>Tous les niveaux et toutes les \u00e9preuves sont accessibles aux jeunes conducteurs ainsi qu&rsquo;aux licenci\u00e9s Handi. Ils auront leur propre classement. Les prestations se font sans laisse ni r\u00e9compense, quel que soit le niveau d\u2019\u00e9volution.<\/p>\n\n\n\n<p><strong>Niveau DEBUTANT<\/strong><br>Dur\u00e9e : 1 minute \u00e0 2 minutes<br>La routine sera effectu\u00e9e en Freestyle ou en Heelwork To Music, selon votre choix lors de l&rsquo;inscription au concours. Nombre de passages maximum durant le concours : 2 si le nombre de concurrents le permet. La meilleure des 2 notes sera retenue pour le classement si 2 passages effectu\u00e9s dans un m\u00eame concours.<br>La difficult\u00e9 moyenne est peu \u00e9lev\u00e9e et les exercices pr\u00e9sent\u00e9s peuvent \u00eatre simples mais doivent \u00eatre propres et bien ex\u00e9cut\u00e9s. <br>En HTM le chien devrait montrer approximativement 4 positions diff\u00e9rentes. L\u2019aide gestuelle du conducteur est autoris\u00e9e. Aucun changement de rythme n&rsquo;est n\u00e9cessaire.<\/p>\n\n\n\n<p><br><strong>Niveau NOVICE<\/strong><br>Dur\u00e9e : 1 minute 30 \u00e0 2 minutes 30<br>La routine sera effectu\u00e9e en Freestyle ou en Heelwork To Music, selon votre choix lors de l&rsquo;inscription au concours. Nombre de passages maximum durant le concours : 2 si le nombre de concurrents le permet. La meilleure des 2 notes sera retenue pour le classement si 2 passages effectu\u00e9s dans un m\u00eame concours.<br>La difficult\u00e9 moyenne est peu \u00e9lev\u00e9e, mais il devrait y avoir des mouvements plus difficiles qu\u2019en niveau d\u00e9butant. <br>En HTM, le chien devrait montrer approximativement 6 positions diff\u00e9rentes et \u00e9voluer si possible dans 2 directions diff\u00e9rentes. Une aide gestuelle occasionnelle du conducteur est autoris\u00e9e. Au moins un changement de rythme est n\u00e9cessaire.<\/p>\n\n\n\n<p><br><strong>Niveau INTERMEDIAIRE<\/strong><br>Dur\u00e9e : 2 minutes \u00e0 3 minutes 30<br>La routine sera effectu\u00e9e en Freestyle ou en Heelwork To Music, selon votre choix lors de l&rsquo;inscription au concours. A ce niveau, vous devrez pr\u00e9senter dans votre programme des figures plus techniques et un ensemble artistique plus harmonieux. Nombre de passages maximum durant le concours : 1 sauf si le nombre de concurrents permet un second passage. La meilleure des 2 notes sera retenue pour le classement si 2 passages effectu\u00e9s dans un m\u00eame concours.<br>La difficult\u00e9 moyenne est \u00e9lev\u00e9e avec des combinaisons de mouvements et davantage de difficult\u00e9s techniques. Le ma\u00eetre doit \u00e9voluer en harmonie avec la musique. <br>En HTM le chien devrait montrer approximativement 8 positions diff\u00e9rentes et se d\u00e9placer dans 2 \u00e0 3 directions diff\u00e9rentes. Au minimum 2 changements de rythme sont attendus.<br><\/p>\n\n\n\n<p><strong>Niveau AVANCE<\/strong><br>Dur\u00e9e : 2 minutes 30 \u00e0 4 minutes<br>La routine sera effectu\u00e9e en Freestyle ou en Heelwork To Music, selon votre choix lors de l&rsquo;inscription au concours. Niveau sup\u00e9rieur du Dog Dancing o\u00f9 la chor\u00e9graphie met en valeur les comp\u00e9tences techniques et artistiques de l\u2019\u00e9quipe. Nombre de passages maximum durant le concours : 1 sauf si le nombre de concurrents permet un second passage. La meilleure des 2 notes sera retenue pour le classement si 2 passages effectu\u00e9s dans un m\u00eame concours. Pr\u00e9conisations pour le niveau \u00ab avanc\u00e9 \u00bb<br>La difficult\u00e9 moyenne est tr\u00e8s \u00e9lev\u00e9e, avec beaucoup de mouvements et des combinaisons pr\u00e9sentant des difficult\u00e9s techniques. Le chien doit travailler en autonomie, \u00e0 distance et\/ou dans le dos du conducteur. Artistiquement les pas de danse sont en harmonie avec la musique et l\u2019interpr\u00e9tation doit coller au th\u00e8me de la routine.<br>En HTM le chien devrait montrer entre 8 et 10 positions diff\u00e9rentes avec au minimum 3 changements de direction. Il doit travailler de chaque c\u00f4t\u00e9 du conducteur. Les liens servent \u00e0 passer d\u2019une position \u00e0 une autre, le chien montre qu\u2019il conna\u00eet parfaitement les positions demand\u00e9es. Plusieurs changements de rythme sont n\u00e9cessaires. <\/p>\n\n\n\n<p>Nota : Les niveaux novices, interm\u00e9diaires et avanc\u00e9s auront acc\u00e8s au Grand Prix de France de Dog Dancing de la Soci\u00e9t\u00e9<br>Centrale Canine.<\/p>\n","protected":false},"excerpt":{"rendered":"<p>Appel\u00e9e \u00e9galement ob\u00e9 rythm\u00e9e, cette discipline consiste \u00e0 faire \u00e9voluer son chien sur une chor\u00e9graphie en musique. Quand ? Qui&hellip;<\/p>\n","protected":false},"author":1,"featured_media":0,"parent":0,"menu_order":0,"comment_status":"closed","ping_status":"closed","template":"","meta":{"footnotes":""},"class_list":["post-640","page","type-page","status-publish","hentry"],"_links":{"self":[{"href":"https:\/\/www.club-canin-erstein.fr\/index.php\/wp-json\/wp\/v2\/pages\/640","targetHints":{"allow":["GET"]}}],"collection":[{"href":"https:\/\/www.club-canin-erstein.fr\/index.php\/wp-json\/wp\/v2\/pages"}],"about":[{"href":"https:\/\/www.club-canin-erstein.fr\/index.php\/wp-json\/wp\/v2\/types\/page"}],"author":[{"embeddable":true,"href":"https:\/\/www.club-canin-erstein.fr\/index.php\/wp-json\/wp\/v2\/users\/1"}],"replies":[{"embeddable":true,"href":"https:\/\/www.club-canin-erstein.fr\/index.php\/wp-json\/wp\/v2\/comments?post=640"}],"version-history":[{"count":5,"href":"https:\/\/www.club-canin-erstein.fr\/index.php\/wp-json\/wp\/v2\/pages\/640\/revisions"}],"predecessor-version":[{"id":647,"href":"https:\/\/www.club-canin-erstein.fr\/index.php\/wp-json\/wp\/v2\/pages\/640\/revisions\/647"}],"wp:attachment":[{"href":"https:\/\/www.club-canin-erstein.fr\/index.php\/wp-json\/wp\/v2\/media?parent=640"}],"curies":[{"name":"wp","href":"https:\/\/api.w.org\/{rel}","templated":true}]}}