{"id":65,"date":"2021-05-14T15:29:19","date_gmt":"2021-05-14T13:29:19","guid":{"rendered":"http:\/\/www.club-canin-erstein.fr\/?page_id=65"},"modified":"2023-09-11T22:14:18","modified_gmt":"2023-09-11T20:14:18","slug":"leducation-canine","status":"publish","type":"page","link":"https:\/\/www.club-canin-erstein.fr\/index.php\/leducation-canine\/","title":{"rendered":"L&rsquo;\u00e9ducation canine"},"content":{"rendered":"\n<div class=\"wp-block-group\"><div class=\"wp-block-group__inner-container is-layout-flow wp-block-group-is-layout-flow\">\n<p style=\"font-size:15px\">L\u2019\u00e9ducation canine vous aidera \u00e0 \u00e9tablir durablement les r\u00e8gles de vie de votre chien, avec vous, dans votre environnement.<\/p>\n<\/div><\/div>\n\n\n\n<p class=\"has-text-align-center has-black-color has-cyan-bluish-gray-background-color has-text-color has-background\"><strong>Quand<\/strong> <strong>?<\/strong><\/p>\n\n\n\n<ul class=\"wp-block-list\">\n<li>Jeudi de 19h30 \u00e0 20h pour un premier cours d\u2019\u00e9valuation.<\/li>\n\n\n\n<li>Jeudi de 20h \u00e0 21h.<\/li>\n\n\n\n<li>Dimanche de 10h30 \u00e0 11h30.<\/li>\n<\/ul>\n\n\n\n<p class=\"has-text-align-center has-black-color has-cyan-bluish-gray-background-color has-text-color has-background\"><strong>Qui<\/strong> <strong>?<\/strong><\/p>\n\n\n\n<p style=\"font-size:15px\">Tous les chiens de plus de 6 mois.<\/p>\n\n\n\n<p class=\"has-text-align-center has-black-color has-pale-cyan-blue-background-color has-text-color has-background has-medium-font-size\">L&rsquo;objectif<\/p>\n\n\n\n<p style=\"font-size:15px\">Apprendre \u00e0 votre chien les ordres de base (assis, couch\u00e9, marche en laisse, pas bouger\u2026), et ce, par m\u00e9thode naturelle dite \u00ab&nbsp;m\u00e9thode positive&nbsp;\u00bb. Cette m\u00e9thode s\u2019articule autour de deux fondamentaux :<br>\u2013 On fait en sorte que le chien fasse l\u2019exercice de lui m\u00eame, sans contrainte.<br>\u2013 On le r\u00e9compense \u00e0 chaque fois qu\u2019il fait bien, on ignore et on recommence lorsqu\u2019il n\u2019a pas fait correctement ce qu\u2019on attendait de lui.<br><br>La r\u00e9compense des exercices correctement effectu\u00e9s peut \u00eatre une friandise (bouts de jambon, d\u00e9s de fromage, bouts de saucisses, croquette \u00ab&nbsp;friandises&nbsp;\u00bb \u2026 etc.) ou le jouet, qui renforcera d\u2019autant plus sa complicit\u00e9 avec vous.<\/p>\n\n\n\n<p class=\"has-text-align-center has-black-color has-pale-cyan-blue-background-color has-text-color has-background has-medium-font-size\">Les moyens<\/p>\n\n\n\n<ul class=\"wp-block-list\">\n<li><strong><em>Une SUPER \u00e9quipe de super-moniteurs :<\/em><\/strong>&nbsp;qui, de part leur formation, et\/ou leurs exp\u00e9riences, sauront vous transmettre leur savoir et leur motivation afin que l\u2019\u00e9ducation de votre compagnon soit ludique et efficace. (<a href=\"http:\/\/web.archive.org\/web\/20201030125947\/http:\/\/club-canin-erstein.fr\/index.php\/les-moniteurs\/?customize_changeset_uuid=fe5edd45-0a14-4878-8b29-b1f97ad48c9a&amp;customize_messenger_channel=preview-1\">voir ici<\/a>).<\/li>\n\n\n\n<li><em><strong>Un terrain&nbsp;<\/strong><\/em>de 500m2 permettant d\u2019\u00e9voluer en plusieurs groupes en fonction du niveau des chiens.<\/li>\n\n\n\n<li><strong><em>Des agr\u00e8s&nbsp;<\/em><\/strong>pour diff\u00e9rents exercices (caches, haie, palissade \u2026).<\/li>\n\n\n\n<li><strong><em>Un bar<\/em><\/strong>&nbsp;qui vous permettra de prendre un peu de temps (du bon), pour \u00e9changer avec les moniteurs, les membres et le comit\u00e9.<\/li>\n<\/ul>\n\n\n\n<p class=\"has-text-align-center has-black-color has-pale-cyan-blue-background-color has-text-color has-background has-medium-font-size\">Les groupes de niveaux<\/p>\n\n\n\n<p class=\"has-black-color has-light-green-cyan-background-color has-text-color has-background\" style=\"font-size:15px\"><strong>VERTS :<\/strong>&nbsp;Chiens venant de l\u2019\u00e9cole des chiots.<br>Le programme du niveau vert comprend l\u2019apprentissage des ordres ou comportements suivants :<br>\u2013 Suite en laisse (demi-tour).<br>\u2013 Assis, couch\u00e9.<br>\u2013 Rappel (devant).<br>\u2013 Reste (absence \u00e0 2m).<\/p>\n\n\n\n<p class=\"has-black-color has-vivid-red-background-color has-text-color has-background\" style=\"font-size:15px\"><strong>ROUGES :<\/strong>&nbsp;D\u00e9butants.<br>Le programme du niveau rouge comprend l\u2019apprentissage des ordres ou comportements suivants :<br>\u2013 Suite en laisse (allures, positions).<br>\u2013 Assis, couch\u00e9 (pas bouger).<br>\u2013 Sociabilit\u00e9 (homme, chiens, bruits \u2026).<br>\u2013 Rappel (au pied, devant).<br>\u2013 Reste (absence 2m).<\/p>\n\n\n\n<p class=\"has-black-color has-luminous-vivid-amber-background-color has-text-color has-background\" style=\"font-size:15px\"><strong>JAUNES :<\/strong>&nbsp;Niveau interm\u00e9daire. Chiens issus des groupes Rouges et verts. Le programme comprend l\u2019apprentissage des ordres ou comportements suivants :<br>\u2013 Programme vert + rouge.<br>\u2013 Absence du ma\u00eetre (+cache).<br>\u2013 Positions a distance (2m) assis, couch\u00e9 sans aide.<br>\u2013 Apprentissage de la marche sans laisse et du \u00ab&nbsp;debout&nbsp;\u00bb.<\/p>\n\n\n\n<p class=\"has-black-color has-luminous-vivid-orange-background-color has-text-color has-background\" style=\"font-size:15px\"><strong>ORANGES :<\/strong>&nbsp;Chiens confirm\u00e9s issus du groupe jaune.<br>Le programme comprend l\u2019apprentissage des ordres ou comportements suivants :<br>\u2013 Programme jaune.<br>\u2013 Absence longue.<br>\u2013 Positions \u00e0 distance (dont \u00ab&nbsp;debout&nbsp;\u00bb).<br>\u2013 Marche sans laisse.<\/p>\n\n\n\n<p class=\"has-black-color has-vivid-cyan-blue-background-color has-text-color has-background\" style=\"font-size:15px\"><strong>BLEUS :<\/strong>&nbsp;Chiens confirm\u00e9s issus du groupe jaune.<br>Le programme comprend l\u2019apprentissage des ordres ou comportements suivants :<br>\u2013 Suite sans laisse.<br>\u2013 Absence compl\u00e8te.<br>\u2013 Contr\u00f4le du chien \u00e0 distance.<br>\u2013 Rapport d\u2019objet.<br>\u2013 Refus d\u2019app\u00e2t.<\/p>\n\n\n\n<p class=\"has-black-color has-vivid-purple-background-color has-text-color has-background\" style=\"font-size:15px\"><strong>VIOLETS :<\/strong>&nbsp;Chiens confirm\u00e9s issus du groupe bleu.<br>Pas de programme particulier. Ce niveau a \u00e9t\u00e9 cr\u00e9\u00e9 pour les chiens d&rsquo;un bon niveau d&rsquo;\u00e9ducation, dont les maitre souhaitent pratiquer des exercices r\u00e9guli\u00e8rement.<br>Les chiens du groupes violet sont \u00e9galement susceptibles de participer \u00e0 des d\u00e9monstrations canines.<\/p>\n","protected":false},"excerpt":{"rendered":"<p>L\u2019\u00e9ducation canine vous aidera \u00e0 \u00e9tablir durablement les r\u00e8gles de vie de votre chien, avec vous, dans votre environnement. Quand&hellip;<\/p>\n","protected":false},"author":1,"featured_media":0,"parent":0,"menu_order":0,"comment_status":"closed","ping_status":"closed","template":"","meta":{"footnotes":""},"class_list":["post-65","page","type-page","status-publish","hentry"],"_links":{"self":[{"href":"https:\/\/www.club-canin-erstein.fr\/index.php\/wp-json\/wp\/v2\/pages\/65","targetHints":{"allow":["GET"]}}],"collection":[{"href":"https:\/\/www.club-canin-erstein.fr\/index.php\/wp-json\/wp\/v2\/pages"}],"about":[{"href":"https:\/\/www.club-canin-erstein.fr\/index.php\/wp-json\/wp\/v2\/types\/page"}],"author":[{"embeddable":true,"href":"https:\/\/www.club-canin-erstein.fr\/index.php\/wp-json\/wp\/v2\/users\/1"}],"replies":[{"embeddable":true,"href":"https:\/\/www.club-canin-erstein.fr\/index.php\/wp-json\/wp\/v2\/comments?post=65"}],"version-history":[{"count":18,"href":"https:\/\/www.club-canin-erstein.fr\/index.php\/wp-json\/wp\/v2\/pages\/65\/revisions"}],"predecessor-version":[{"id":639,"href":"https:\/\/www.club-canin-erstein.fr\/index.php\/wp-json\/wp\/v2\/pages\/65\/revisions\/639"}],"wp:attachment":[{"href":"https:\/\/www.club-canin-erstein.fr\/index.php\/wp-json\/wp\/v2\/media?parent=65"}],"curies":[{"name":"wp","href":"https:\/\/api.w.org\/{rel}","templated":true}]}}