{"id":70,"date":"2021-05-14T15:29:19","date_gmt":"2021-05-14T13:29:19","guid":{"rendered":"http:\/\/www.club-canin-erstein.fr\/?page_id=70"},"modified":"2025-11-17T23:48:52","modified_gmt":"2025-11-17T22:48:52","slug":"le-comite","status":"publish","type":"page","link":"https:\/\/www.club-canin-erstein.fr\/index.php\/le-comite\/","title":{"rendered":"Le comit\u00e9"},"content":{"rendered":"\n<div class=\"wp-block-media-text is-stacked-on-mobile\" style=\"grid-template-columns:18% auto\"><figure class=\"wp-block-media-text__media\"><img loading=\"lazy\" decoding=\"async\" width=\"235\" height=\"300\" src=\"https:\/\/www.club-canin-erstein.fr\/wp-content\/uploads\/2022\/11\/JMR-1-235x300.jpg\" alt=\"\" class=\"wp-image-423 size-medium\" srcset=\"https:\/\/www.club-canin-erstein.fr\/wp-content\/uploads\/2022\/11\/JMR-1-235x300.jpg 235w, https:\/\/www.club-canin-erstein.fr\/wp-content\/uploads\/2022\/11\/JMR-1.jpg 348w\" sizes=\"auto, (max-width: 235px) 100vw, 235px\" \/><\/figure><div class=\"wp-block-media-text__content\">\n<p><strong>Jean-Marie Rohmer<\/strong><\/p>\n\n\n\n<p>Pr\u00e9sident, <br>Responsable section I.G.P. <br>Moniteur Pistage, Ob\u00e9issance et D\u00e9fense, habilit\u00e9 au mordant.<br>Eleveur de Berger Allemand, affixe : Du Ch\u00e2teau de Werde.<br>Conducteur IGP.<br>Moniteur d&rsquo;\u00e9ducation second degr\u00e9.<\/p>\n<\/div><\/div>\n\n\n\n<hr class=\"wp-block-separator has-alpha-channel-opacity\"\/>\n\n\n\n<div class=\"wp-block-media-text is-stacked-on-mobile\" style=\"grid-template-columns:18% auto\"><figure class=\"wp-block-media-text__media\"><img loading=\"lazy\" decoding=\"async\" width=\"237\" height=\"300\" src=\"https:\/\/www.club-canin-erstein.fr\/wp-content\/uploads\/2022\/11\/Nadine-237x300.jpg\" alt=\"\" class=\"wp-image-418 size-medium\" srcset=\"https:\/\/www.club-canin-erstein.fr\/wp-content\/uploads\/2022\/11\/Nadine-237x300.jpg 237w, https:\/\/www.club-canin-erstein.fr\/wp-content\/uploads\/2022\/11\/Nadine.jpg 350w\" sizes=\"auto, (max-width: 237px) 100vw, 237px\" \/><\/figure><div class=\"wp-block-media-text__content\">\n<p><strong>Nadine Fender<\/strong><\/p>\n\n\n\n<p>Vice-Pr\u00e9sidente.<br>Responsable administrative.<br>Conductrice de chien truffier.<br>Monitrice d&rsquo;\u00e9ducation premier degr\u00e9.<br>Formatrice \u00ab\u00a0chiens dangereux\u00a0\u00bb.<br>Secouriste canin.<\/p>\n<\/div><\/div>\n\n\n\n<hr class=\"wp-block-separator has-alpha-channel-opacity\"\/>\n\n\n\n<div class=\"wp-block-media-text is-stacked-on-mobile\" style=\"grid-template-columns:18% auto\"><figure class=\"wp-block-media-text__media\"><img loading=\"lazy\" decoding=\"async\" width=\"255\" height=\"300\" src=\"https:\/\/www.club-canin-erstein.fr\/wp-content\/uploads\/2022\/11\/Liliane-255x300.jpg\" alt=\"\" class=\"wp-image-417 size-medium\" srcset=\"https:\/\/www.club-canin-erstein.fr\/wp-content\/uploads\/2022\/11\/Liliane-255x300.jpg 255w, https:\/\/www.club-canin-erstein.fr\/wp-content\/uploads\/2022\/11\/Liliane.jpg 373w\" sizes=\"auto, (max-width: 255px) 100vw, 255px\" \/><\/figure><div class=\"wp-block-media-text__content\">\n<p><strong>Liliane Lambrech<\/strong><\/p>\n\n\n\n<p>Tr\u00e9sori\u00e8re,<br>Conductrice Agility.<\/p>\n<\/div><\/div>\n\n\n\n<hr class=\"wp-block-separator has-alpha-channel-opacity\"\/>\n\n\n\n<div class=\"wp-block-media-text is-stacked-on-mobile\" style=\"grid-template-columns:18% auto\"><figure class=\"wp-block-media-text__media\"><img loading=\"lazy\" decoding=\"async\" width=\"270\" height=\"291\" src=\"https:\/\/www.club-canin-erstein.fr\/wp-content\/uploads\/2022\/12\/Annick.jpg\" alt=\"\" class=\"wp-image-460 size-medium\"\/><\/figure><div class=\"wp-block-media-text__content\">\n<p><strong>Annick Hermann<\/strong><\/p>\n\n\n\n<p>Secr\u00e9taire,<br>Conductrice I.G.P.<\/p>\n<\/div><\/div>\n\n\n\n<hr class=\"wp-block-separator has-alpha-channel-opacity\"\/>\n\n\n\n<div class=\"wp-block-media-text is-stacked-on-mobile\" style=\"grid-template-columns:18% auto\"><figure class=\"wp-block-media-text__media\"><img loading=\"lazy\" decoding=\"async\" width=\"140\" height=\"147\" src=\"https:\/\/www.club-canin-erstein.fr\/wp-content\/uploads\/2022\/11\/Didier-1.jpg\" alt=\"\" class=\"wp-image-426 size-full\"\/><\/figure><div class=\"wp-block-media-text__content\">\n<p><strong>Didier Hinnewinkel<\/strong><\/p>\n\n\n\n<p>Responsable Site Internet,<br>Moniteur d&rsquo;\u00e9ducation canine second degr\u00e9,<br>Conducteur I.G.P.<\/p>\n<\/div><\/div>\n\n\n\n<hr class=\"wp-block-separator has-alpha-channel-opacity\"\/>\n\n\n\n<div class=\"wp-block-media-text is-stacked-on-mobile\" style=\"grid-template-columns:18% auto\"><figure class=\"wp-block-media-text__media\"><img loading=\"lazy\" decoding=\"async\" width=\"249\" height=\"300\" src=\"https:\/\/www.club-canin-erstein.fr\/wp-content\/uploads\/2022\/11\/JMM-249x300.jpg\" alt=\"\" class=\"wp-image-415 size-medium\" srcset=\"https:\/\/www.club-canin-erstein.fr\/wp-content\/uploads\/2022\/11\/JMM-249x300.jpg 249w, https:\/\/www.club-canin-erstein.fr\/wp-content\/uploads\/2022\/11\/JMM.jpg 373w\" sizes=\"auto, (max-width: 249px) 100vw, 249px\" \/><\/figure><div class=\"wp-block-media-text__content\">\n<p><strong>Jean-Marie Menninger<\/strong><\/p>\n\n\n\n<p>Responsable location et entretien du club.<br>Conducteur Pistage FCI.<br>Ancien conducteur I.G.P.<br>Ancien homme d&rsquo;attaque.<\/p>\n<\/div><\/div>\n\n\n\n<hr class=\"wp-block-separator has-alpha-channel-opacity\"\/>\n\n\n\n<div class=\"wp-block-media-text is-stacked-on-mobile\" style=\"grid-template-columns:18% auto\"><figure class=\"wp-block-media-text__media\"><img loading=\"lazy\" decoding=\"async\" width=\"255\" height=\"300\" src=\"https:\/\/www.club-canin-erstein.fr\/wp-content\/uploads\/2022\/11\/Rany-255x300.jpg\" alt=\"\" class=\"wp-image-419 size-medium\" srcset=\"https:\/\/www.club-canin-erstein.fr\/wp-content\/uploads\/2022\/11\/Rany-255x300.jpg 255w, https:\/\/www.club-canin-erstein.fr\/wp-content\/uploads\/2022\/11\/Rany.jpg 369w\" sizes=\"auto, (max-width: 255px) 100vw, 255px\" \/><\/figure><div class=\"wp-block-media-text__content\">\n<p><strong>Rany Wolffer<\/strong><\/p>\n\n\n\n<p>Responsable section Agility,<br>Monitrice Agility,<br>Conductrice Agility.<\/p>\n<\/div><\/div>\n\n\n\n<hr class=\"wp-block-separator has-alpha-channel-opacity\"\/>\n\n\n\n<div class=\"wp-block-media-text is-stacked-on-mobile\" style=\"grid-template-columns:18% auto\"><figure class=\"wp-block-media-text__media\"><img loading=\"lazy\" decoding=\"async\" width=\"244\" height=\"300\" src=\"https:\/\/www.club-canin-erstein.fr\/wp-content\/uploads\/2022\/11\/Christine-244x300.jpg\" alt=\"\" class=\"wp-image-413 size-medium\" srcset=\"https:\/\/www.club-canin-erstein.fr\/wp-content\/uploads\/2022\/11\/Christine-244x300.jpg 244w, https:\/\/www.club-canin-erstein.fr\/wp-content\/uploads\/2022\/11\/Christine.jpg 341w\" sizes=\"auto, (max-width: 244px) 100vw, 244px\" \/><\/figure><div class=\"wp-block-media-text__content\">\n<p><strong>Christine Muller<\/strong><\/p>\n\n\n\n<p>Monitrice \u00e9cole des chiots.<\/p>\n<\/div><\/div>\n\n\n\n<hr class=\"wp-block-separator has-alpha-channel-opacity\"\/>\n\n\n\n<div class=\"wp-block-media-text is-stacked-on-mobile\" style=\"grid-template-columns:18% auto\"><figure class=\"wp-block-media-text__media\"><img decoding=\"async\" src=\"https:\/\/www.club-canin-erstein.fr\/wp-content\/uploads\/2022\/11\/Denis-248x300.jpg\" alt=\"\" class=\"wp-image-414 size-medium\"\/><\/figure><div class=\"wp-block-media-text__content\">\n<p><strong>Denis Beck<\/strong><\/p>\n\n\n\n<p>Responsable des ext\u00e9rieurs,<br>Eleveur de bergers allemands,<br>Conducteur I.G.P.<\/p>\n<\/div><\/div>\n\n\n\n<hr class=\"wp-block-separator has-alpha-channel-opacity\"\/>\n\n\n\n<div class=\"wp-block-media-text is-stacked-on-mobile\" style=\"grid-template-columns:18% auto\"><figure class=\"wp-block-media-text__media\"><img loading=\"lazy\" decoding=\"async\" width=\"241\" height=\"300\" src=\"https:\/\/www.club-canin-erstein.fr\/wp-content\/uploads\/2022\/11\/Angelique-241x300.jpg\" alt=\"\" class=\"wp-image-411 size-medium\" srcset=\"https:\/\/www.club-canin-erstein.fr\/wp-content\/uploads\/2022\/11\/Angelique-241x300.jpg 241w, https:\/\/www.club-canin-erstein.fr\/wp-content\/uploads\/2022\/11\/Angelique.jpg 322w\" sizes=\"auto, (max-width: 241px) 100vw, 241px\" \/><\/figure><div class=\"wp-block-media-text__content\">\n<p><strong>Ang\u00e9lique Roettel\u00e9<\/strong><\/p>\n\n\n\n<p>Monitrice Agility,<br>Conductrice Agility.<br>Monitrice d&rsquo;\u00e9ducation canine premier degr\u00e9.<\/p>\n<\/div><\/div>\n\n\n\n<hr class=\"wp-block-separator has-alpha-channel-opacity\"\/>\n\n\n\n<div class=\"wp-block-media-text is-stacked-on-mobile\" style=\"grid-template-columns:18% auto\"><figure class=\"wp-block-media-text__media\"><img loading=\"lazy\" decoding=\"async\" width=\"249\" height=\"300\" src=\"https:\/\/www.club-canin-erstein.fr\/wp-content\/uploads\/2022\/11\/Vanessa-249x300.jpg\" alt=\"\" class=\"wp-image-422 size-medium\" srcset=\"https:\/\/www.club-canin-erstein.fr\/wp-content\/uploads\/2022\/11\/Vanessa-249x300.jpg 249w, https:\/\/www.club-canin-erstein.fr\/wp-content\/uploads\/2022\/11\/Vanessa.jpg 372w\" sizes=\"auto, (max-width: 249px) 100vw, 249px\" \/><\/figure><div class=\"wp-block-media-text__content\">\n<p><strong>Vanessa Hiss<\/strong><\/p>\n\n\n\n<p>Responsable de l&rsquo;\u00e9cole des chiots.<\/p>\n<\/div><\/div>\n\n\n\n<hr class=\"wp-block-separator has-alpha-channel-opacity\"\/>\n\n\n\n<div class=\"wp-block-media-text is-stacked-on-mobile\" style=\"grid-template-columns:18% auto\"><figure class=\"wp-block-media-text__media\"><img loading=\"lazy\" decoding=\"async\" width=\"768\" height=\"1024\" src=\"https:\/\/www.club-canin-erstein.fr\/wp-content\/uploads\/2025\/11\/Thierry-Kollros-768x1024.jpg\" alt=\"\" class=\"wp-image-1203 size-medium\" srcset=\"https:\/\/www.club-canin-erstein.fr\/wp-content\/uploads\/2025\/11\/Thierry-Kollros-768x1024.jpg 768w, https:\/\/www.club-canin-erstein.fr\/wp-content\/uploads\/2025\/11\/Thierry-Kollros-225x300.jpg 225w, https:\/\/www.club-canin-erstein.fr\/wp-content\/uploads\/2025\/11\/Thierry-Kollros-1152x1536.jpg 1152w, https:\/\/www.club-canin-erstein.fr\/wp-content\/uploads\/2025\/11\/Thierry-Kollros-1536x2048.jpg 1536w, https:\/\/www.club-canin-erstein.fr\/wp-content\/uploads\/2025\/11\/Thierry-Kollros-scaled.jpg 1920w\" sizes=\"auto, (max-width: 768px) 100vw, 768px\" \/><\/figure><div class=\"wp-block-media-text__content\">\n<p><strong>Thierry Kollros<\/strong><\/p>\n\n\n\n<p>Responsable section obeissance.<\/p>\n<\/div><\/div>\n\n\n\n<p><\/p>\n","protected":false},"excerpt":{"rendered":"<p>Jean-Marie Rohmer Pr\u00e9sident, Responsable section I.G.P. Moniteur Pistage, Ob\u00e9issance et D\u00e9fense, habilit\u00e9 au mordant.Eleveur de Berger Allemand, affixe : Du&hellip;<\/p>\n","protected":false},"author":1,"featured_media":0,"parent":0,"menu_order":0,"comment_status":"closed","ping_status":"closed","template":"","meta":{"footnotes":""},"class_list":["post-70","page","type-page","status-publish","hentry"],"_links":{"self":[{"href":"https:\/\/www.club-canin-erstein.fr\/index.php\/wp-json\/wp\/v2\/pages\/70","targetHints":{"allow":["GET"]}}],"collection":[{"href":"https:\/\/www.club-canin-erstein.fr\/index.php\/wp-json\/wp\/v2\/pages"}],"about":[{"href":"https:\/\/www.club-canin-erstein.fr\/index.php\/wp-json\/wp\/v2\/types\/page"}],"author":[{"embeddable":true,"href":"https:\/\/www.club-canin-erstein.fr\/index.php\/wp-json\/wp\/v2\/users\/1"}],"replies":[{"embeddable":true,"href":"https:\/\/www.club-canin-erstein.fr\/index.php\/wp-json\/wp\/v2\/comments?post=70"}],"version-history":[{"count":28,"href":"https:\/\/www.club-canin-erstein.fr\/index.php\/wp-json\/wp\/v2\/pages\/70\/revisions"}],"predecessor-version":[{"id":1210,"href":"https:\/\/www.club-canin-erstein.fr\/index.php\/wp-json\/wp\/v2\/pages\/70\/revisions\/1210"}],"wp:attachment":[{"href":"https:\/\/www.club-canin-erstein.fr\/index.php\/wp-json\/wp\/v2\/media?parent=70"}],"curies":[{"name":"wp","href":"https:\/\/api.w.org\/{rel}","templated":true}]}}